What is the units digit of n(-4)?
1
Let k(c) = c**3 - 3*c - 4. What is the units digit of k(3)?
4
Suppose u = -u + 48. What is the tens digit of u?
2
Let b = -25 - -79. What is the tens digit of b?
5
Suppose -3*t + 5*p - 7 = -2*t, 5*t = -3*p + 21. Let m be 56/6 + 2/t. Let z(j) = j**3 - 9*j**2 - 10*j + 3. What is the units digit of z(m)?
3
Let t = 58 + -148. What is the units digit of t/4*16/(-20)?
8
Suppose 60 = -a + 11*a. Let k(f) = -f**3 + 5*f**2 - 3*f. Let i be k(4). Let z = a - i. What is the units digit of z?
2
Let u be 6/4*(-6)/(-9). Suppose 0 = -2*x + 3*x - u. Let t = x + 1. What is the units digit of t?
2
Let n(u) = -13*u**2 - 5*u + 25. Let q(a) = -3*a**2 - a + 6. Let g(c) = 2*n(c) - 9*q(c). Let t = -7 + 3. What is the units digit of g(t)?
6
Suppose w = -48 - 18. What is the units digit of (16/(-24))/(4/w)?
1
Let h be (0/2)/(-1 - 0). Suppose -s + 0*s - 12 = h. Let k = s + 19. What is the units digit of k?
7
Let f = 15 - 24. Let k be (-4)/(-18) - 34/f. What is the units digit of (-122)/(-18) + k/18?
7
Let h(j) = j**2 + 8. What is the units digit of h(-5)?
3
Let n(m) = -5*m**2 - 8*m - 1. Let u(z) = 9*z**2 + 16*z + 1. Let l(x) = -11*n(x) - 6*u(x). What is the tens digit of l(9)?
1
Suppose -2*y - 166 = -4*d, 0 = 2*d - 4*y - 54 - 26. What is the units digit of d?
2
Let q be (-232)/(-3) + (-3)/9. Let r = q + -27. What is the tens digit of r?
5
Let o be (2/6)/((-1)/(-6)). Suppose 0 = -2*c - 2, 5*c = o*k + 1 - 28. What is the units digit of k?
1
Let y(u) = -2*u. Let k be y(-4). What is the units digit of (-6)/(-4) + 4/k?
2
What is the units digit of 5/((-5)/(-47)) - 0?
7
Let w(i) = -i**3 + 3*i**2 + 6*i - 6. Suppose -5*c = 5*z - 15, 2 = -2*c - 3*z - z. Suppose -1 = -2*t + c. What is the units digit of w(t)?
2
Let w = -23 + 48. What is the tens digit of w?
2
Let c = 55 + -31. What is the units digit of c?
4
Let f(m) be the first derivative of m**3/3 - 3*m**2/2 + m - 4. What is the units digit of f(4)?
5
Let m = -148 - -255. What is the tens digit of m?
0
Suppose 0 = -y + 2*h + 9, y - 2*h = 3*h + 18. Suppose -x = -1, 0 = 2*z + y*x - 20 - 23. What is the units digit of z?
0
Let q = 25 - 0. What is the tens digit of q?
2
Let v(c) = 4*c + 3. Let m be v(3). Let r be ((-12)/(-9))/(2/m). Suppose -b - r = -2*q, -2*b + 20 = 4*q - 3*b. What is the units digit of q?
5
Suppose -3*u + 5*s - 15 = 0, -9 = -0*u - 4*u - 3*s. Suppose u = 2*a - 13 - 37. What is the tens digit of a?
2
Suppose 5*n - 16 = 9. Let y be (7 - -3)/((-3)/(-12)). Suppose -n*i = -15 - y. What is the units digit of i?
1
Let u(y) = 21*y - 2. Let g be -1*1/(3/(-3)). What is the units digit of u(g)?
9
Let q = 113 + -72. What is the units digit of q?
1
Let l(q) be the third derivative of q**5/12 + q**4/24 + q**3/6 + 2*q**2. Let d be 2 + -1 - 4/2. What is the units digit of l(d)?
5
Let k(q) = -q**2 - 4*q + 0*q**2 - q**3 + 3*q**2 + 5*q**2 - 6. Let o(j) = j**3 - 5*j**2 - 4*j - 6. Let z be o(6). What is the units digit of k(z)?
6
What is the units digit of ((-12)/(-5))/(4/50)?
0
Let q = -191 - -270. What is the units digit of q?
9
Suppose -h = -20 - 9. What is the units digit of h?
9
Let b = 263 - 185. Suppose 3*j = 2*k - 86, -5*k - 5*j + b = -137. What is the tens digit of k?
4
Let u = 20 - 19. What is the units digit of u?
1
Suppose -4*p + 29 + 3 = 0. Let q = -7 + p. Suppose 3*u - q - 5 = 0. What is the units digit of u?
2
What is the tens digit of 1911/35 - 4/(-10)?
5
Let c(m) = -10*m**2 + 14*m + 11. Suppose -4*p + 15 = -5. Let s(w) = -7*w**2 + 9*w + 7. Let a(b) = p*c(b) - 7*s(b). What is the units digit of a(7)?
6
Let i = 5 - 2. What is the units digit of (i + (-9)/6)*2?
3
Let i be (1 - -15)/(3 + -2). Let j = i + -6. What is the tens digit of j?
1
Let a(v) = 0*v - 3*v**2 + 10*v**2 + 3 + 6*v + v**3 + 0. Let o be a(-6). Suppose 2*b + o*s = -3*b - 1, b + 1 = -s. What is the units digit of b?
1
What is the units digit of 5/2 + ((-9)/(-2) - 4)?
3
Let x(a) = a**3 - 4*a**2 + a - 4. Let v be x(5). Let k = v + -18. What is the units digit of k?
8
Suppose 5*m + 29 = 2*z, 2*m - 4 = -z - 12. Let s = z - -38. What is the tens digit of s?
4
Suppose 0 = -2*p - 3*p + 15. Suppose 120 = -p*h + 7*h. Suppose 3*m + h = 8*m. What is the units digit of m?
6
Let f(u) = 1 + 11 + u**2 + 2*u + 8*u. What is the units digit of f(-9)?
3
Suppose 5*l = 3*o - 5*o - 14, -4*o + 4*l = -28. Suppose 5 - o = -y. What is the units digit of 10/y*(-2)/2?
5
Suppose 4*t - 3 - 1 = -5*n, t = -4. Suppose -j + 8 = -n*v, 2*j - 2*v = 2*v + 32. What is the tens digit of j?
2
Let q(l) = -l**3 + 6*l**2 + 7*l + 2. What is the tens digit of q(6)?
4
Let q be (-5)/20 + 11/(-4). Suppose -4*c + c + 28 = 2*i, -20 = -5*c. Let j = q + i. What is the units digit of j?
5
Let u(a) = a**2 - a + 3. Let c be u(4). Suppose -5*v = 25 + 15. Let g = c + v. What is the units digit of g?
7
What is the tens digit of 10/25*(-1 + 26)?
1
Let j = -60 + 86. What is the units digit of j?
6
Let q(x) = x**3 - 4*x**2 - 5*x + 5. Let r = -2 + 4. Suppose -4*p + 32 = 3*t, -p + 0*p - r*t = -13. What is the units digit of q(p)?
5
Let w = -8 + 22. Let v be 2/6 + w/3. Suppose -20 = -v*u + u. What is the units digit of u?
5
Let r be 18/(((-9)/(-2))/(-3)). What is the units digit of ((-56)/r)/(-7)*-24?
6
Let b(f) = f + 5. Let u be b(-6). Let k = u + 3. Suppose 45 = 5*y + 4*a + a, -k*y - 5*a = -30. What is the units digit of y?
5
Suppose 5*a - 16 = 3*d, 0*d + 28 = d + 5*a. Suppose d*f - 34 = -4. What is the units digit of f?
0
Let s = -7 + 11. Let u(o) = o**3 - 4*o**2 + 5*o + 4. Let m be u(s). Suppose 5*c - m = p - 5*p, 5*p + 5*c - 25 = 0. What is the units digit of p?
1
Let v(q) = -3*q - 4. Suppose -x = 2*x + 9. Let w be v(x). Suppose 5*f = 5*z + 50, -3*z - 38 = -w*f - 2*z. What is the units digit of f?
7
Let s(m) be the second derivative of 1/20*m**5 - 7/12*m**4 + 7/6*m**3 + 0 - 3/2*m**2 + m. What is the units digit of s(6)?
3
Let o(l) = -8*l - 1 + 1. Let w be o(-2). Suppose -4*x = w, 4*x - 4 = -4*a - 16. What is the units digit of a?
1
Suppose 0 = w + 1, i + w = -1 + 3. Let j(y) be the first derivative of y**3/3 - y**2/2 + 4*y + 3. What is the units digit of j(i)?
0
Let h = 9 + -4. Suppose 0 = 5*o - 34 - 1. Suppose -o*t + h = -2*t. What is the units digit of t?
1
Let y = 1 - -3. Let g be y/14 + (-1116)/(-14). What is the units digit of 10/35 - g/(-14)?
6
Suppose -12 = -4*s - 8. What is the units digit of s?
1
Let b(u) = -8*u - 9. What is the units digit of b(-4)?
3
Suppose -28 = -3*r + 7*r. Let x = r + 11. What is the units digit of x?
4
Let m(n) = 24*n + 8. What is the units digit of m(2)?
6
What is the units digit of (75 + 9)*1/3?
8
Let w(h) be the second derivative of h**4/12 + 5*h**3/3 + 2*h. Let u be w(-9). Let b = u - -25. What is the units digit of b?
6
Suppose 3*l - 8*l + 20 = 0. Suppose 0 = 4*u - l*y - 124, -3*y - 2*y = 4*u - 115. What is the tens digit of u?
3
Suppose -3*y = -p + 42, 0 = 2*p - 4*y - 106 + 18. What is the units digit of p?
8
Suppose 0*p - p + 5 = 0. Suppose -2*c = 2*g - 1 - 1, -37 = 3*c - p*g. What is the units digit of c/6 - (-17)/3?
5
Let z(j) = -12*j. Suppose 3*g + 12 = -0*h + 3*h, -2*h = -3*g - 12. Let b be z(g). Suppose 8*o = 4*o + b. What is the tens digit of o?
1
Suppose -4*v = 8 - 0. Let c be -30 + v + 12/3. Let h = -14 - c. What is the tens digit of h?
1
Suppose 7*r - 2*r = 60. What is the tens digit of r?
1
Let h(u) = -7*u - 13. What is the tens digit of h(-13)?
7
Suppose y = 5*y - 52. Let j = -23 + y. What is the units digit of (24/15)/((-2)/j)?
8
Let j(d) = -d - 39. Let k be j(0). What is the units digit of 12/(-18)*k/2?
3
What is the tens digit of (-5 + 7)/((-2)/(-51) - 0)?
5
Suppose -3582 = -33*x + 24*x. What is the hundreds digit of x?
3
Suppose 22 = -k - 2*f - 0, -k = 5*f + 13. Let v = k - -46. What is the tens digit of v?
1
Suppose 4*j = 3*j + 20. Let q be ((-3)/9)/(2/(-18)). Suppose n = q*n - j. What is the units digit of n?
0
Let l = 8 + -4. Let g be (26 + 1)/(21/14). What is the units digit of 2/l + g/4?
5
Suppose x + 5*p + 59 = 3*x, -5*p = -5*x + 140. What is the tens digit of x?
2
Suppose 420 - 100 = 4*d. What is the tens digit of d?
8
Suppose -4*r - 2*v = -0*v + 28, 5*r = 3*v - 13. What is the units digit of r/((-5)/3) - 0?
3
Let t be (-3)/6*-2*2. Let r(u) = 3*u - 1. What is the units digit of r(t)?
5
Suppose 5*o - 10 = -0*o. Suppose